{"id":52,"date":"2026-03-23T20:32:57","date_gmt":"2026-03-23T20:32:57","guid":{"rendered":"https:\/\/hilleshagerhofke.nl\/index.php\/home\/"},"modified":"2026-04-19T13:37:18","modified_gmt":"2026-04-19T13:37:18","slug":"home","status":"publish","type":"page","link":"https:\/\/hilleshagerhofke.nl\/","title":{"rendered":"Home"},"content":{"rendered":"\t\t<div data-elementor-type=\"wp-page\" data-elementor-id=\"52\" class=\"elementor elementor-52\" data-elementor-post-type=\"page\">\n\t\t\t\t<div class=\"elementor-element elementor-element-2be0334e e-con-full e-flex e-con e-parent\" data-id=\"2be0334e\" data-element_type=\"container\" data-e-type=\"container\">\n\t\t<div class=\"elementor-element elementor-element-11048b3f e-con-full e-flex e-con e-child\" data-id=\"11048b3f\" data-element_type=\"container\" data-e-type=\"container\">\n\t\t\t\t<div class=\"elementor-element elementor-element-96a7b53 elementor-widget elementor-widget-theme-site-logo elementor-widget-image\" data-id=\"96a7b53\" data-element_type=\"widget\" data-e-type=\"widget\" data-widget_type=\"theme-site-logo.default\">\n\t\t\t\t\t\t\t\t\t\t\t<a href=\"https:\/\/hilleshagerhofke.nl\">\n\t\t\t<img decoding=\"async\" width=\"150\" height=\"150\" src=\"https:\/\/hilleshagerhofke.nl\/wp-content\/uploads\/2026\/03\/649940399_18061253390355989_2466948151124053383_n.jpg\" class=\"attachment-full size-full wp-image-76\" alt=\"\" \/>\t\t\t\t<\/a>\n\t\t\t\t\t\t\t\t\t\t\t<\/div>\n\t\t\t\t<div class=\"elementor-element elementor-element-13ed2a44 elementor-widget elementor-widget-heading\" data-id=\"13ed2a44\" data-element_type=\"widget\" data-e-type=\"widget\" data-widget_type=\"heading.default\">\n\t\t\t\t\t<h1 class=\"elementor-heading-title elementor-size-default\">Hilleshagerh\u00f6fke<\/h1>\t\t\t\t<\/div>\n\t\t\t\t<div class=\"elementor-element elementor-element-35800d87 elementor-widget__width-initial elementor-widget elementor-widget-text-editor\" data-id=\"35800d87\" data-element_type=\"widget\" data-e-type=\"widget\" data-widget_type=\"text-editor.default\">\n\t\t\t\t\t\t\t\t\t<p>Bourgondisch genieten bij Hilleshagerh\u00f6fke<br \/>Midden in het prachtige Zuid-Limburgse Heuvelland, in Mechelen, ligt Hilleshagerh\u00f6fke \u2014 een plek waar bourgondisch genieten en het mooie buitenleven samenkomen. Met een panoramisch uitzicht over het landschap is dit de ideale tussenstop voor wandelaars, fietsers en levensgenieters die even willen rusten en sfeer willen proeven.<\/p>\t\t\t\t\t\t\t\t<\/div>\n\t\t\t\t<div class=\"elementor-element elementor-element-50cc330 elementor-shape-rounded elementor-grid-0 e-grid-align-center elementor-widget elementor-widget-social-icons\" data-id=\"50cc330\" data-element_type=\"widget\" data-e-type=\"widget\" data-widget_type=\"social-icons.default\">\n\t\t\t\t\t\t\t<div class=\"elementor-social-icons-wrapper elementor-grid\" role=\"list\">\n\t\t\t\t\t\t\t<span class=\"elementor-grid-item\" role=\"listitem\">\n\t\t\t\t\t<a class=\"elementor-icon elementor-social-icon elementor-social-icon-facebook elementor-repeater-item-57f44e2\" href=\"https:\/\/www.facebook.com\/61582113239116\" target=\"_blank\">\n\t\t\t\t\t\t<span class=\"elementor-screen-only\">Facebook<\/span>\n\t\t\t\t\t\t<svg aria-hidden=\"true\" class=\"e-font-icon-svg e-fab-facebook\" viewBox=\"0 0 512 512\" xmlns=\"http:\/\/www.w3.org\/2000\/svg\"><path d=\"M504 256C504 119 393 8 256 8S8 119 8 256c0 123.78 90.69 226.38 209.25 245V327.69h-63V256h63v-54.64c0-62.15 37-96.48 93.67-96.48 27.14 0 55.52 4.84 55.52 4.84v61h-31.28c-30.8 0-40.41 19.12-40.41 38.73V256h68.78l-11 71.69h-57.78V501C413.31 482.38 504 379.78 504 256z\"><\/path><\/svg>\t\t\t\t\t<\/a>\n\t\t\t\t<\/span>\n\t\t\t\t\t\t\t<span class=\"elementor-grid-item\" role=\"listitem\">\n\t\t\t\t\t<a class=\"elementor-icon elementor-social-icon elementor-social-icon-instagram elementor-repeater-item-04273ab\" href=\"https:\/\/www.instagram.com\/hilleshagerhofke\/\" target=\"_blank\">\n\t\t\t\t\t\t<span class=\"elementor-screen-only\">Instagram<\/span>\n\t\t\t\t\t\t<svg aria-hidden=\"true\" class=\"e-font-icon-svg e-fab-instagram\" viewBox=\"0 0 448 512\" xmlns=\"http:\/\/www.w3.org\/2000\/svg\"><path d=\"M224.1 141c-63.6 0-114.9 51.3-114.9 114.9s51.3 114.9 114.9 114.9S339 319.5 339 255.9 287.7 141 224.1 141zm0 189.6c-41.1 0-74.7-33.5-74.7-74.7s33.5-74.7 74.7-74.7 74.7 33.5 74.7 74.7-33.6 74.7-74.7 74.7zm146.4-194.3c0 14.9-12 26.8-26.8 26.8-14.9 0-26.8-12-26.8-26.8s12-26.8 26.8-26.8 26.8 12 26.8 26.8zm76.1 27.2c-1.7-35.9-9.9-67.7-36.2-93.9-26.2-26.2-58-34.4-93.9-36.2-37-2.1-147.9-2.1-184.9 0-35.8 1.7-67.6 9.9-93.9 36.1s-34.4 58-36.2 93.9c-2.1 37-2.1 147.9 0 184.9 1.7 35.9 9.9 67.7 36.2 93.9s58 34.4 93.9 36.2c37 2.1 147.9 2.1 184.9 0 35.9-1.7 67.7-9.9 93.9-36.2 26.2-26.2 34.4-58 36.2-93.9 2.1-37 2.1-147.8 0-184.8zM398.8 388c-7.8 19.6-22.9 34.7-42.6 42.6-29.5 11.7-99.5 9-132.1 9s-102.7 2.6-132.1-9c-19.6-7.8-34.7-22.9-42.6-42.6-11.7-29.5-9-99.5-9-132.1s-2.6-102.7 9-132.1c7.8-19.6 22.9-34.7 42.6-42.6 29.5-11.7 99.5-9 132.1-9s102.7-2.6 132.1 9c19.6 7.8 34.7 22.9 42.6 42.6 11.7 29.5 9 99.5 9 132.1s2.7 102.7-9 132.1z\"><\/path><\/svg>\t\t\t\t\t<\/a>\n\t\t\t\t<\/span>\n\t\t\t\t\t<\/div>\n\t\t\t\t\t\t<\/div>\n\t\t<div class=\"elementor-element elementor-element-90728e2 e-grid e-con-full e-con e-child\" data-id=\"90728e2\" data-element_type=\"container\" data-e-type=\"container\">\n\t\t\t\t<div class=\"elementor-element elementor-element-1fcb31e elementor-widget__width-initial elementor-widget elementor-widget-text-editor\" data-id=\"1fcb31e\" data-element_type=\"widget\" data-e-type=\"widget\" data-widget_type=\"text-editor.default\">\n\t\t\t\t\t\t\t\t\t<h4 class=\"elementor-element elementor-element-4e622fb0 elementor-widget elementor-widget-heading\" data-id=\"4e622fb0\" data-element_type=\"widget\" data-e-type=\"widget\" data-widget_type=\"heading.default\"><strong>Openingstijden<\/strong><\/h4><div class=\"elementor-element elementor-element-4e622fb0 elementor-widget elementor-widget-heading\" data-id=\"4e622fb0\" data-element_type=\"widget\" data-e-type=\"widget\" data-widget_type=\"heading.default\">Woensdag t\/m zondag 10.00-18.00 uur<\/div><div class=\"elementor-element elementor-element-569c81c elementor-widget elementor-widget-text-editor\" data-id=\"569c81c\" data-element_type=\"widget\" data-e-type=\"widget\" data-widget_type=\"text-editor.default\"><p>Maandag &amp; dinsdag: gesloten<\/p><\/div>\t\t\t\t\t\t\t\t<\/div>\n\t\t\t\t<div class=\"elementor-element elementor-element-b882356 elementor-widget__width-initial elementor-widget elementor-widget-text-editor\" data-id=\"b882356\" data-element_type=\"widget\" data-e-type=\"widget\" data-widget_type=\"text-editor.default\">\n\t\t\t\t\t\t\t\t\t<h4><strong>Contactgegevens<\/strong><\/h4><p>Hilleshagerh\u00f6fke<br \/>Hilleshagerweg 33B<br \/>6281AD Mechelen<\/p><p>Email:<a href=\"mailto:info@hilleshagerhofke.nl\"> info@hilleshagerhofke.nl<\/a><\/p>\t\t\t\t\t\t\t\t<\/div>\n\t\t\t\t<\/div>\n\t\t\t\t<\/div>\n\t\t<div class=\"elementor-element elementor-element-1b9de1b9 e-con-full e-flex e-con e-child\" data-id=\"1b9de1b9\" data-element_type=\"container\" data-e-type=\"container\">\n\t\t\t\t<div class=\"elementor-element elementor-element-54abbd6b elementor-widget__width-inherit elementor-widget elementor-widget-image\" data-id=\"54abbd6b\" data-element_type=\"widget\" data-e-type=\"widget\" data-widget_type=\"image.default\">\n\t\t\t\t\t\t\t\t\t\t\t\t\t\t\t<img fetchpriority=\"high\" decoding=\"async\" width=\"1024\" height=\"1024\" src=\"https:\/\/hilleshagerhofke.nl\/wp-content\/uploads\/2026\/03\/654009227_18062909447355989_3952019233530582621_n.jpg\" class=\"attachment-full size-full wp-image-75\" alt=\"\" srcset=\"https:\/\/hilleshagerhofke.nl\/wp-content\/uploads\/2026\/03\/654009227_18062909447355989_3952019233530582621_n.jpg 1024w, https:\/\/hilleshagerhofke.nl\/wp-content\/uploads\/2026\/03\/654009227_18062909447355989_3952019233530582621_n-300x300.jpg 300w, https:\/\/hilleshagerhofke.nl\/wp-content\/uploads\/2026\/03\/654009227_18062909447355989_3952019233530582621_n-150x150.jpg 150w, https:\/\/hilleshagerhofke.nl\/wp-content\/uploads\/2026\/03\/654009227_18062909447355989_3952019233530582621_n-768x768.jpg 768w\" sizes=\"(max-width: 1024px) 100vw, 1024px\" \/>\t\t\t\t\t\t\t\t\t\t\t\t\t\t\t<\/div>\n\t\t\t\t<\/div>\n\t\t\t\t<\/div>\n\t\t<div class=\"elementor-element elementor-element-5e07416a elementor-hidden-desktop elementor-hidden-tablet elementor-hidden-mobile e-flex e-con-boxed e-con e-parent\" data-id=\"5e07416a\" data-element_type=\"container\" data-e-type=\"container\" data-settings=\"{&quot;background_background&quot;:&quot;classic&quot;}\">\n\t\t\t\t\t<div class=\"e-con-inner\">\n\t\t<div class=\"elementor-element elementor-element-ef2ce77 e-con-full e-flex e-con e-child\" data-id=\"ef2ce77\" data-element_type=\"container\" data-e-type=\"container\" data-settings=\"{&quot;motion_fx_motion_fx_scrolling&quot;:&quot;yes&quot;,&quot;motion_fx_translateY_effect&quot;:&quot;yes&quot;,&quot;motion_fx_translateY_speed&quot;:{&quot;unit&quot;:&quot;px&quot;,&quot;size&quot;:4,&quot;sizes&quot;:[]},&quot;motion_fx_translateY_affectedRange&quot;:{&quot;unit&quot;:&quot;%&quot;,&quot;size&quot;:&quot;&quot;,&quot;sizes&quot;:{&quot;start&quot;:0,&quot;end&quot;:100}},&quot;motion_fx_devices&quot;:[&quot;desktop&quot;,&quot;tablet&quot;,&quot;mobile&quot;]}\">\n\t\t\t\t<div class=\"elementor-element elementor-element-cbde2b0 elementor-widget elementor-widget-image\" data-id=\"cbde2b0\" data-element_type=\"widget\" data-e-type=\"widget\" data-widget_type=\"image.default\">\n\t\t\t\t\t\t\t\t\t\t\t\t\t\t\t<img fetchpriority=\"high\" decoding=\"async\" width=\"1024\" height=\"1024\" src=\"https:\/\/hilleshagerhofke.nl\/wp-content\/uploads\/2026\/03\/654009227_18062909447355989_3952019233530582621_n.jpg\" class=\"attachment-full size-full wp-image-75\" alt=\"\" srcset=\"https:\/\/hilleshagerhofke.nl\/wp-content\/uploads\/2026\/03\/654009227_18062909447355989_3952019233530582621_n.jpg 1024w, https:\/\/hilleshagerhofke.nl\/wp-content\/uploads\/2026\/03\/654009227_18062909447355989_3952019233530582621_n-300x300.jpg 300w, https:\/\/hilleshagerhofke.nl\/wp-content\/uploads\/2026\/03\/654009227_18062909447355989_3952019233530582621_n-150x150.jpg 150w, https:\/\/hilleshagerhofke.nl\/wp-content\/uploads\/2026\/03\/654009227_18062909447355989_3952019233530582621_n-768x768.jpg 768w\" sizes=\"(max-width: 1024px) 100vw, 1024px\" \/>\t\t\t\t\t\t\t\t\t\t\t\t\t\t\t<\/div>\n\t\t<div class=\"elementor-element elementor-element-2d4385f9 e-con-full e-flex e-con e-child\" data-id=\"2d4385f9\" data-element_type=\"container\" data-e-type=\"container\" data-settings=\"{&quot;background_background&quot;:&quot;classic&quot;}\">\n\t\t\t\t<\/div>\n\t\t\t\t<div class=\"elementor-element elementor-element-62f9959d elementor-widget elementor-widget-image\" data-id=\"62f9959d\" data-element_type=\"widget\" data-e-type=\"widget\" data-widget_type=\"image.default\">\n\t\t\t\t\t\t\t\t\t\t\t\t\t\t\t<img fetchpriority=\"high\" decoding=\"async\" width=\"1024\" height=\"1024\" src=\"https:\/\/hilleshagerhofke.nl\/wp-content\/uploads\/2026\/03\/654009227_18062909447355989_3952019233530582621_n.jpg\" class=\"attachment-full size-full wp-image-75\" alt=\"\" srcset=\"https:\/\/hilleshagerhofke.nl\/wp-content\/uploads\/2026\/03\/654009227_18062909447355989_3952019233530582621_n.jpg 1024w, https:\/\/hilleshagerhofke.nl\/wp-content\/uploads\/2026\/03\/654009227_18062909447355989_3952019233530582621_n-300x300.jpg 300w, https:\/\/hilleshagerhofke.nl\/wp-content\/uploads\/2026\/03\/654009227_18062909447355989_3952019233530582621_n-150x150.jpg 150w, https:\/\/hilleshagerhofke.nl\/wp-content\/uploads\/2026\/03\/654009227_18062909447355989_3952019233530582621_n-768x768.jpg 768w\" sizes=\"(max-width: 1024px) 100vw, 1024px\" \/>\t\t\t\t\t\t\t\t\t\t\t\t\t\t\t<\/div>\n\t\t\t\t<\/div>\n\t\t\t\t\t<\/div>\n\t\t\t\t<\/div>\n\t\t<div class=\"elementor-element elementor-element-2aca557 elementor-hidden-desktop elementor-hidden-tablet elementor-hidden-mobile e-flex e-con-boxed e-con e-parent\" data-id=\"2aca557\" data-element_type=\"container\" data-e-type=\"container\" data-settings=\"{&quot;background_background&quot;:&quot;gradient&quot;}\">\n\t\t\t\t\t<div class=\"e-con-inner\">\n\t\t\t\t<div class=\"elementor-element elementor-element-410ee8a elementor-widget elementor-widget-heading\" data-id=\"410ee8a\" data-element_type=\"widget\" data-e-type=\"widget\" data-widget_type=\"heading.default\">\n\t\t\t\t\t<h2 class=\"elementor-heading-title elementor-size-default\">Neem een kijkje in ons menu<\/h2>\t\t\t\t<\/div>\n\t\t\t\t<div class=\"elementor-element elementor-element-ac83c59 elementor-align-center elementor-tablet-align-center elementor-widget__width-initial elementor-widget elementor-widget-button\" data-id=\"ac83c59\" data-element_type=\"widget\" data-e-type=\"widget\" data-widget_type=\"button.default\">\n\t\t\t\t\t\t\t\t\t\t<a class=\"elementor-button elementor-size-sm\" role=\"button\">\n\t\t\t\t\t\t<span class=\"elementor-button-content-wrapper\">\n\t\t\t\t\t\t\t\t\t<span class=\"elementor-button-text\">Menu<\/span>\n\t\t\t\t\t<\/span>\n\t\t\t\t\t<\/a>\n\t\t\t\t\t\t\t\t<\/div>\n\t\t\t\t\t<\/div>\n\t\t\t\t<\/div>\n\t\t\t\t<\/div>\n\t\t","protected":false},"excerpt":{"rendered":"<p>Hilleshagerh\u00f6fke Bourgondisch genieten bij Hilleshagerh\u00f6fkeMidden in het prachtige Zuid-Limburgse Heuvelland, in Mechelen, ligt Hilleshagerh\u00f6fke \u2014 een plek waar bourgondisch genieten en het mooie buitenleven samenkomen. Met een panoramisch uitzicht over het landschap is dit de ideale tussenstop voor wandelaars, fietsers en levensgenieters die even willen rusten en sfeer willen proeven. Facebook Instagram Openingstijden Woensdag t\/m [&hellip;]<\/p>\n","protected":false},"author":1,"featured_media":0,"parent":0,"menu_order":0,"comment_status":"closed","ping_status":"closed","template":"elementor_header_footer","meta":{"footnotes":""},"class_list":["post-52","page","type-page","status-publish","hentry"],"yoast_head":"<!-- This site is optimized with the Yoast SEO plugin v27.4 - https:\/\/yoast.com\/product\/yoast-seo-wordpress\/ -->\n<title>Home - hilleshagerhofke<\/title>\n<meta name=\"robots\" content=\"index, follow, max-snippet:-1, max-image-preview:large, max-video-preview:-1\" \/>\n<link rel=\"canonical\" href=\"https:\/\/hilleshagerhofke.nl\/\" \/>\n<meta property=\"og:locale\" content=\"nl_NL\" \/>\n<meta property=\"og:type\" content=\"article\" \/>\n<meta property=\"og:title\" content=\"Home - hilleshagerhofke\" \/>\n<meta property=\"og:description\" content=\"Hilleshagerh\u00f6fke Bourgondisch genieten bij Hilleshagerh\u00f6fkeMidden in het prachtige Zuid-Limburgse Heuvelland, in Mechelen, ligt Hilleshagerh\u00f6fke \u2014 een plek waar bourgondisch genieten en het mooie buitenleven samenkomen. Met een panoramisch uitzicht over het landschap is dit de ideale tussenstop voor wandelaars, fietsers en levensgenieters die even willen rusten en sfeer willen proeven. Facebook Instagram Openingstijden Woensdag t\/m [&hellip;]\" \/>\n<meta property=\"og:url\" content=\"https:\/\/hilleshagerhofke.nl\/\" \/>\n<meta property=\"og:site_name\" content=\"hilleshagerhofke\" \/>\n<meta property=\"article:modified_time\" content=\"2026-04-19T13:37:18+00:00\" \/>\n<meta property=\"og:image\" content=\"https:\/\/hilleshagerhofke.nl\/wp-content\/uploads\/2026\/03\/654009227_18062909447355989_3952019233530582621_n.jpg\" \/>\n<meta name=\"twitter:card\" content=\"summary_large_image\" \/>\n<script type=\"application\/ld+json\" class=\"yoast-schema-graph\">{\"@context\":\"https:\\\/\\\/schema.org\",\"@graph\":[{\"@type\":\"WebPage\",\"@id\":\"https:\\\/\\\/hilleshagerhofke.nl\\\/\",\"url\":\"https:\\\/\\\/hilleshagerhofke.nl\\\/\",\"name\":\"Home - hilleshagerhofke\",\"isPartOf\":{\"@id\":\"https:\\\/\\\/hilleshagerhofke.nl\\\/#website\"},\"primaryImageOfPage\":{\"@id\":\"https:\\\/\\\/hilleshagerhofke.nl\\\/#primaryimage\"},\"image\":{\"@id\":\"https:\\\/\\\/hilleshagerhofke.nl\\\/#primaryimage\"},\"thumbnailUrl\":\"https:\\\/\\\/hilleshagerhofke.nl\\\/wp-content\\\/uploads\\\/2026\\\/03\\\/654009227_18062909447355989_3952019233530582621_n.jpg\",\"datePublished\":\"2026-03-23T20:32:57+00:00\",\"dateModified\":\"2026-04-19T13:37:18+00:00\",\"breadcrumb\":{\"@id\":\"https:\\\/\\\/hilleshagerhofke.nl\\\/#breadcrumb\"},\"inLanguage\":\"nl-NL\",\"potentialAction\":[{\"@type\":\"ReadAction\",\"target\":[\"https:\\\/\\\/hilleshagerhofke.nl\\\/\"]}]},{\"@type\":\"ImageObject\",\"inLanguage\":\"nl-NL\",\"@id\":\"https:\\\/\\\/hilleshagerhofke.nl\\\/#primaryimage\",\"url\":\"https:\\\/\\\/hilleshagerhofke.nl\\\/wp-content\\\/uploads\\\/2026\\\/03\\\/654009227_18062909447355989_3952019233530582621_n.jpg\",\"contentUrl\":\"https:\\\/\\\/hilleshagerhofke.nl\\\/wp-content\\\/uploads\\\/2026\\\/03\\\/654009227_18062909447355989_3952019233530582621_n.jpg\",\"width\":1024,\"height\":1024},{\"@type\":\"BreadcrumbList\",\"@id\":\"https:\\\/\\\/hilleshagerhofke.nl\\\/#breadcrumb\",\"itemListElement\":[{\"@type\":\"ListItem\",\"position\":1,\"name\":\"Home\",\"item\":\"https:\\\/\\\/hilleshagerhofke.nl\\\/\"},{\"@type\":\"ListItem\",\"position\":2,\"name\":\"Home\"}]},{\"@type\":\"WebSite\",\"@id\":\"https:\\\/\\\/hilleshagerhofke.nl\\\/#website\",\"url\":\"https:\\\/\\\/hilleshagerhofke.nl\\\/\",\"name\":\"hilleshagerhofke\",\"description\":\"\",\"publisher\":{\"@id\":\"https:\\\/\\\/hilleshagerhofke.nl\\\/#organization\"},\"potentialAction\":[{\"@type\":\"SearchAction\",\"target\":{\"@type\":\"EntryPoint\",\"urlTemplate\":\"https:\\\/\\\/hilleshagerhofke.nl\\\/?s={search_term_string}\"},\"query-input\":{\"@type\":\"PropertyValueSpecification\",\"valueRequired\":true,\"valueName\":\"search_term_string\"}}],\"inLanguage\":\"nl-NL\"},{\"@type\":\"Organization\",\"@id\":\"https:\\\/\\\/hilleshagerhofke.nl\\\/#organization\",\"name\":\"hilleshagerhofke\",\"url\":\"https:\\\/\\\/hilleshagerhofke.nl\\\/\",\"logo\":{\"@type\":\"ImageObject\",\"inLanguage\":\"nl-NL\",\"@id\":\"https:\\\/\\\/hilleshagerhofke.nl\\\/#\\\/schema\\\/logo\\\/image\\\/\",\"url\":\"https:\\\/\\\/hilleshagerhofke.nl\\\/wp-content\\\/uploads\\\/2026\\\/03\\\/649940399_18061253390355989_2466948151124053383_n.jpg\",\"contentUrl\":\"https:\\\/\\\/hilleshagerhofke.nl\\\/wp-content\\\/uploads\\\/2026\\\/03\\\/649940399_18061253390355989_2466948151124053383_n.jpg\",\"width\":150,\"height\":150,\"caption\":\"hilleshagerhofke\"},\"image\":{\"@id\":\"https:\\\/\\\/hilleshagerhofke.nl\\\/#\\\/schema\\\/logo\\\/image\\\/\"}}]}<\/script>\n<!-- \/ Yoast SEO plugin. -->","yoast_head_json":{"title":"Home - hilleshagerhofke","robots":{"index":"index","follow":"follow","max-snippet":"max-snippet:-1","max-image-preview":"max-image-preview:large","max-video-preview":"max-video-preview:-1"},"canonical":"https:\/\/hilleshagerhofke.nl\/","og_locale":"nl_NL","og_type":"article","og_title":"Home - hilleshagerhofke","og_description":"Hilleshagerh\u00f6fke Bourgondisch genieten bij Hilleshagerh\u00f6fkeMidden in het prachtige Zuid-Limburgse Heuvelland, in Mechelen, ligt Hilleshagerh\u00f6fke \u2014 een plek waar bourgondisch genieten en het mooie buitenleven samenkomen. Met een panoramisch uitzicht over het landschap is dit de ideale tussenstop voor wandelaars, fietsers en levensgenieters die even willen rusten en sfeer willen proeven. Facebook Instagram Openingstijden Woensdag t\/m [&hellip;]","og_url":"https:\/\/hilleshagerhofke.nl\/","og_site_name":"hilleshagerhofke","article_modified_time":"2026-04-19T13:37:18+00:00","og_image":[{"url":"https:\/\/hilleshagerhofke.nl\/wp-content\/uploads\/2026\/03\/654009227_18062909447355989_3952019233530582621_n.jpg","type":"","width":"","height":""}],"twitter_card":"summary_large_image","schema":{"@context":"https:\/\/schema.org","@graph":[{"@type":"WebPage","@id":"https:\/\/hilleshagerhofke.nl\/","url":"https:\/\/hilleshagerhofke.nl\/","name":"Home - hilleshagerhofke","isPartOf":{"@id":"https:\/\/hilleshagerhofke.nl\/#website"},"primaryImageOfPage":{"@id":"https:\/\/hilleshagerhofke.nl\/#primaryimage"},"image":{"@id":"https:\/\/hilleshagerhofke.nl\/#primaryimage"},"thumbnailUrl":"https:\/\/hilleshagerhofke.nl\/wp-content\/uploads\/2026\/03\/654009227_18062909447355989_3952019233530582621_n.jpg","datePublished":"2026-03-23T20:32:57+00:00","dateModified":"2026-04-19T13:37:18+00:00","breadcrumb":{"@id":"https:\/\/hilleshagerhofke.nl\/#breadcrumb"},"inLanguage":"nl-NL","potentialAction":[{"@type":"ReadAction","target":["https:\/\/hilleshagerhofke.nl\/"]}]},{"@type":"ImageObject","inLanguage":"nl-NL","@id":"https:\/\/hilleshagerhofke.nl\/#primaryimage","url":"https:\/\/hilleshagerhofke.nl\/wp-content\/uploads\/2026\/03\/654009227_18062909447355989_3952019233530582621_n.jpg","contentUrl":"https:\/\/hilleshagerhofke.nl\/wp-content\/uploads\/2026\/03\/654009227_18062909447355989_3952019233530582621_n.jpg","width":1024,"height":1024},{"@type":"BreadcrumbList","@id":"https:\/\/hilleshagerhofke.nl\/#breadcrumb","itemListElement":[{"@type":"ListItem","position":1,"name":"Home","item":"https:\/\/hilleshagerhofke.nl\/"},{"@type":"ListItem","position":2,"name":"Home"}]},{"@type":"WebSite","@id":"https:\/\/hilleshagerhofke.nl\/#website","url":"https:\/\/hilleshagerhofke.nl\/","name":"hilleshagerhofke","description":"","publisher":{"@id":"https:\/\/hilleshagerhofke.nl\/#organization"},"potentialAction":[{"@type":"SearchAction","target":{"@type":"EntryPoint","urlTemplate":"https:\/\/hilleshagerhofke.nl\/?s={search_term_string}"},"query-input":{"@type":"PropertyValueSpecification","valueRequired":true,"valueName":"search_term_string"}}],"inLanguage":"nl-NL"},{"@type":"Organization","@id":"https:\/\/hilleshagerhofke.nl\/#organization","name":"hilleshagerhofke","url":"https:\/\/hilleshagerhofke.nl\/","logo":{"@type":"ImageObject","inLanguage":"nl-NL","@id":"https:\/\/hilleshagerhofke.nl\/#\/schema\/logo\/image\/","url":"https:\/\/hilleshagerhofke.nl\/wp-content\/uploads\/2026\/03\/649940399_18061253390355989_2466948151124053383_n.jpg","contentUrl":"https:\/\/hilleshagerhofke.nl\/wp-content\/uploads\/2026\/03\/649940399_18061253390355989_2466948151124053383_n.jpg","width":150,"height":150,"caption":"hilleshagerhofke"},"image":{"@id":"https:\/\/hilleshagerhofke.nl\/#\/schema\/logo\/image\/"}}]}},"_links":{"self":[{"href":"https:\/\/hilleshagerhofke.nl\/index.php\/wp-json\/wp\/v2\/pages\/52","targetHints":{"allow":["GET"]}}],"collection":[{"href":"https:\/\/hilleshagerhofke.nl\/index.php\/wp-json\/wp\/v2\/pages"}],"about":[{"href":"https:\/\/hilleshagerhofke.nl\/index.php\/wp-json\/wp\/v2\/types\/page"}],"author":[{"embeddable":true,"href":"https:\/\/hilleshagerhofke.nl\/index.php\/wp-json\/wp\/v2\/users\/1"}],"replies":[{"embeddable":true,"href":"https:\/\/hilleshagerhofke.nl\/index.php\/wp-json\/wp\/v2\/comments?post=52"}],"version-history":[{"count":106,"href":"https:\/\/hilleshagerhofke.nl\/index.php\/wp-json\/wp\/v2\/pages\/52\/revisions"}],"predecessor-version":[{"id":211,"href":"https:\/\/hilleshagerhofke.nl\/index.php\/wp-json\/wp\/v2\/pages\/52\/revisions\/211"}],"wp:attachment":[{"href":"https:\/\/hilleshagerhofke.nl\/index.php\/wp-json\/wp\/v2\/media?parent=52"}],"curies":[{"name":"wp","href":"https:\/\/api.w.org\/{rel}","templated":true}]}}